{"id":921,"date":"2025-04-25T07:11:51","date_gmt":"2025-04-25T01:11:51","guid":{"rendered":"https:\/\/miranchoescondido.com\/?post_type=tribe_events&#038;p=921"},"modified":"2025-05-09T12:18:09","modified_gmt":"2025-05-09T06:18:09","slug":"festival-de-la-calaverita","status":"publish","type":"tribe_events","link":"https:\/\/miranchoescondido.com\/index.php\/evento\/festival-de-la-calaverita\/","title":{"rendered":"Festival de la Calaverita"},"content":{"rendered":"<p>\u00a1Prep\u00e1rense para una celebraci\u00f3n llena de color, tradici\u00f3n y alegr\u00eda en el Festival de la Calaverita de Rancho Escondido!<\/p>\n<p>En este rinc\u00f3n m\u00e1gico, honraremos a nuestros seres queridos que han partido con una fiesta llena de vida. Los invitamos a disfrutar de altares llenos de significado, m\u00fasica tradicional, deliciosa comida de temporada, talleres creativos para todas las edades y, por supuesto, la magia de las calaveritas adornando cada rinc\u00f3n. Ser\u00e1 una oportunidad \u00fanica para vivir la riqueza de nuestras costumbres mexicanas en un ambiente familiar y lleno de esp\u00edritu festivo.<\/p>\n<p>\u00a1Los esperamos para celebrar juntos la belleza de nuestras tradiciones en Rancho Escondido!<\/p>\n","protected":false},"excerpt":{"rendered":"<p>\u00a1Prep\u00e1rense para una celebraci\u00f3n llena de color, tradici\u00f3n y alegr\u00eda en el Festival de la Calaverita de Rancho Escondido! En este rinc\u00f3n m\u00e1gico, honraremos a nuestros seres queridos que han &hellip;<\/p>\n<p class=\"read-more\"> <a class=\"\" href=\"https:\/\/miranchoescondido.com\/index.php\/evento\/festival-de-la-calaverita\/\"> <span class=\"screen-reader-text\">Festival de la Calaverita<\/span> Leer m\u00e1s &raquo;<\/a><\/p>\n","protected":false},"author":1,"featured_media":665,"template":"","meta":{"site-sidebar-layout":"default","site-content-layout":"default","ast-global-header-display":"","ast-main-header-display":"","ast-hfb-above-header-display":"","ast-hfb-below-header-display":"","ast-hfb-mobile-header-display":"","site-post-title":"","ast-breadcrumbs-content":"","ast-featured-img":"","footer-sml-layout":"","theme-transparent-header-meta":"default","adv-header-id-meta":"","stick-header-meta":"","header-above-stick-meta":"","header-main-stick-meta":"","header-below-stick-meta":"","_tribe_events_status":"","_tribe_events_status_reason":"","footnotes":""},"tags":[],"tribe_events_cat":[],"class_list":["post-921","tribe_events","type-tribe_events","status-publish","has-post-thumbnail","hentry"],"aioseo_notices":[],"_links":{"self":[{"href":"https:\/\/miranchoescondido.com\/index.php\/wp-json\/wp\/v2\/tribe_events\/921","targetHints":{"allow":["GET"]}}],"collection":[{"href":"https:\/\/miranchoescondido.com\/index.php\/wp-json\/wp\/v2\/tribe_events"}],"about":[{"href":"https:\/\/miranchoescondido.com\/index.php\/wp-json\/wp\/v2\/types\/tribe_events"}],"author":[{"embeddable":true,"href":"https:\/\/miranchoescondido.com\/index.php\/wp-json\/wp\/v2\/users\/1"}],"version-history":[{"count":3,"href":"https:\/\/miranchoescondido.com\/index.php\/wp-json\/wp\/v2\/tribe_events\/921\/revisions"}],"predecessor-version":[{"id":950,"href":"https:\/\/miranchoescondido.com\/index.php\/wp-json\/wp\/v2\/tribe_events\/921\/revisions\/950"}],"wp:featuredmedia":[{"embeddable":true,"href":"https:\/\/miranchoescondido.com\/index.php\/wp-json\/wp\/v2\/media\/665"}],"wp:attachment":[{"href":"https:\/\/miranchoescondido.com\/index.php\/wp-json\/wp\/v2\/media?parent=921"}],"wp:term":[{"taxonomy":"post_tag","embeddable":true,"href":"https:\/\/miranchoescondido.com\/index.php\/wp-json\/wp\/v2\/tags?post=921"},{"taxonomy":"tribe_events_cat","embeddable":true,"href":"https:\/\/miranchoescondido.com\/index.php\/wp-json\/wp\/v2\/tribe_events_cat?post=921"}],"curies":[{"name":"wp","href":"https:\/\/api.w.org\/{rel}","templated":true}]}}

<p>¡Prepárense para una celebración llena de color, tradición y alegría en el Festival de la Calaverita de Rancho Escondido!</p>
<p>En este rincón mágico, honraremos a nuestros seres queridos que han partido con una fiesta llena de vida. Los invitamos a disfrutar de altares llenos de significado, música tradicional, deliciosa comida de temporada, talleres creativos para todas las edades y, por supuesto, la magia de las calaveritas adornando cada rincón. Será una oportunidad única para vivir la riqueza de nuestras costumbres mexicanas en un ambiente familiar y lleno de espíritu festivo.</p>
<p>¡Los esperamos para celebrar juntos la belleza de nuestras tradiciones en Rancho Escondido!</p>

<p>¡Prepárense para una celebración llena de color, tradición y alegría en el Festival de la Calaverita de Rancho Escondido! En este rincón mágico, honraremos a nuestros seres queridos que han &hellip;</p>
<p class="read-more"> <a class="" href="https://miranchoescondido.com/index.php/evento/festival-de-la-calaverita/"> <span class="screen-reader-text">Festival de la Calaverita</span> Leer más &raquo;</a></p>
